{"id":93,"date":"2015-12-15T19:06:47","date_gmt":"2015-12-15T18:06:47","guid":{"rendered":"http:\/\/www.bergschaenke.de\/?page_id=93"},"modified":"2022-12-19T12:53:27","modified_gmt":"2022-12-19T11:53:27","slug":"hinweise","status":"publish","type":"page","link":"https:\/\/www.bergschaenke.de\/index.php\/hinweise\/","title":{"rendered":"Links"},"content":{"rendered":"<p>Falls Sie sich f\u00fcr Kanutouren auf der Hunte interessieren, sind Sie bei<a href=\"http:\/\/www.kanutouren-ol.de\/\"> Fips<\/a> oder <a href=\"http:\/\/www.yeti-ol.de\/kanutouren_tagestour_set.htm\">Yeti<\/a> richtig.<\/p>\n<p>Sofern Sie ein eigenes Kanu mitbringen: Die n\u00e4chste Einstiegsstelle ist in Ostrittrum oder Dehland.<\/p>\n<p>Ein <a href=\"http:\/\/www.steinzeitreise.de\/steenberg.php?PHPSESSID=dcb3134b05d50f7dd6016df8284de242\">Gro\u00dfsteingrab ist ganz in Ihrer N\u00e4he<\/a>. Fahrt Richtung Sandhatten \u2013 Hinweisschilder auf der rechten Seite.<\/p>\n<p>_________________________________________________________________________________________<\/p>\n<p>Falls Sie Essen gehen wollen:<\/p>\n<p>\u2013 <a href=\"http:\/\/www.gut-altona.de\/\">Gut Altona<\/a>, Richtung Wildeshausen<\/p>\n<p>\u2013<a href=\"http:\/\/www.schalotte-restaurant.de\/\"> Schalotte<\/a>, Huntlosen<\/p>\n<p>\u2013 <a href=\"http:\/\/www.zum-deutschen-hause.de\/\">Zum Deutschen Haus<\/a>, Kirchhatten<\/p>\n<p>\u2013 <a href=\"https:\/\/www.hotel-meiners.de\/\">Hotel Meiners<\/a>, Hatterw\u00fcsting<\/p>\n<p>Neu in Ostrittrum (Sonntagnachmittag Kaffeetrinken, Veranstaltungen s. Termine usw. \u2013 ein Fu\u00dfmarsch von einer halben Stunde entfernt)<\/p>\n<p><a href=\"http:\/\/www.hof-schweers.de\/\">\u2013 Hof Schweers<\/a>, Ostrittrum<\/p>\n","protected":false},"excerpt":{"rendered":"<p>Falls Sie sich f\u00fcr Kanutouren auf der Hunte interessieren, sind Sie bei Fips oder Yeti richtig. Sofern Sie ein eigenes Kanu mitbringen: Die n\u00e4chste Einstiegsstelle ist in Ostrittrum oder Dehland. Ein Gro\u00dfsteingrab ist ganz in Ihrer N\u00e4he. Fahrt Richtung Sandhatten \u2013 Hinweisschilder auf der rechten Seite. _________________________________________________________________________________________ Falls Sie Essen\u2026<\/p>\n<p> <a class=\"continue-reading-link\" href=\"https:\/\/www.bergschaenke.de\/index.php\/hinweise\/\"><span>weiter<\/span><i class=\"crycon-right-dir\"><\/i><\/a> <\/p>\n","protected":false},"author":1,"featured_media":0,"parent":0,"menu_order":3,"comment_status":"closed","ping_status":"closed","template":"","meta":{"footnotes":""},"class_list":["post-93","page","type-page","status-publish","hentry"],"_links":{"self":[{"href":"https:\/\/www.bergschaenke.de\/index.php\/wp-json\/wp\/v2\/pages\/93","targetHints":{"allow":["GET"]}}],"collection":[{"href":"https:\/\/www.bergschaenke.de\/index.php\/wp-json\/wp\/v2\/pages"}],"about":[{"href":"https:\/\/www.bergschaenke.de\/index.php\/wp-json\/wp\/v2\/types\/page"}],"author":[{"embeddable":true,"href":"https:\/\/www.bergschaenke.de\/index.php\/wp-json\/wp\/v2\/users\/1"}],"replies":[{"embeddable":true,"href":"https:\/\/www.bergschaenke.de\/index.php\/wp-json\/wp\/v2\/comments?post=93"}],"version-history":[{"count":7,"href":"https:\/\/www.bergschaenke.de\/index.php\/wp-json\/wp\/v2\/pages\/93\/revisions"}],"predecessor-version":[{"id":403,"href":"https:\/\/www.bergschaenke.de\/index.php\/wp-json\/wp\/v2\/pages\/93\/revisions\/403"}],"wp:attachment":[{"href":"https:\/\/www.bergschaenke.de\/index.php\/wp-json\/wp\/v2\/media?parent=93"}],"curies":[{"name":"wp","href":"https:\/\/api.w.org\/{rel}","templated":true}]}}