{"id":84,"date":"2015-12-15T18:43:25","date_gmt":"2015-12-15T17:43:25","guid":{"rendered":"http:\/\/www.bergschaenke.de\/?page_id=84"},"modified":"2023-11-01T19:11:31","modified_gmt":"2023-11-01T18:11:31","slug":"impressum","status":"publish","type":"page","link":"https:\/\/www.bergschaenke.de\/index.php\/impressum\/","title":{"rendered":"Impressum"},"content":{"rendered":"<h1>Impressum<\/h1>\n<h2>Angaben gem\u00e4\u00df \u00a7 5 TMG<\/h2>\n<p>Geesche Dannemann<br \/>\nL\u00fcntjenweg 44<br \/>\n26131 Oldenburg<\/p>\n<h2>Kontakt<\/h2>\n<p>Telefon: (0441)7780346 oder Mob 015165180092<br \/>\nE-Mail: geesche.dannemann@gmx.de<\/p>\n<p>Quelle: <a href=\"https:\/\/www.e-recht24.de\">eRecht24<\/a><\/p>\n<p>F\u00fcr Anfragen verwenden Sie bitte unser Kontaktformular. Wenn Sie schon Terminvorstellungen haben, k\u00f6nnen Sie unter dem Men\u00fcpunkt &#8222;Belegung&#8220; die freien bzw. belegten Termine sehen.<\/p>\n<p>Haftungshinweis:<\/p>\n<p>Trotz sorgf\u00e4ltiger inhaltlicher Kontrolle \u00fcbernehmen wir keine Haftung f\u00fcr die Inhalte externer Links. F\u00fcr den Inhalt der verlinkten Seiten sind ausschlie\u00dflich deren Betreiber verantwortlich.<\/p>\n","protected":false},"excerpt":{"rendered":"<p>Impressum Angaben gem\u00e4\u00df \u00a7 5 TMG Geesche Dannemann L\u00fcntjenweg 44 26131 Oldenburg Kontakt Telefon: (0441)7780346 oder Mob 015165180092 E-Mail: geesche.dannemann@gmx.de Quelle: eRecht24 F\u00fcr Anfragen verwenden Sie bitte unser Kontaktformular. Wenn Sie schon Terminvorstellungen haben, k\u00f6nnen Sie unter dem Men\u00fcpunkt &#8222;Belegung&#8220; die freien bzw. belegten Termine sehen. Haftungshinweis: Trotz sorgf\u00e4ltiger inhaltlicher\u2026<\/p>\n<p> <a class=\"continue-reading-link\" href=\"https:\/\/www.bergschaenke.de\/index.php\/impressum\/\"><span>weiter<\/span><i class=\"crycon-right-dir\"><\/i><\/a> <\/p>\n","protected":false},"author":1,"featured_media":0,"parent":0,"menu_order":7,"comment_status":"closed","ping_status":"closed","template":"","meta":{"footnotes":""},"class_list":["post-84","page","type-page","status-publish","hentry"],"_links":{"self":[{"href":"https:\/\/www.bergschaenke.de\/index.php\/wp-json\/wp\/v2\/pages\/84","targetHints":{"allow":["GET"]}}],"collection":[{"href":"https:\/\/www.bergschaenke.de\/index.php\/wp-json\/wp\/v2\/pages"}],"about":[{"href":"https:\/\/www.bergschaenke.de\/index.php\/wp-json\/wp\/v2\/types\/page"}],"author":[{"embeddable":true,"href":"https:\/\/www.bergschaenke.de\/index.php\/wp-json\/wp\/v2\/users\/1"}],"replies":[{"embeddable":true,"href":"https:\/\/www.bergschaenke.de\/index.php\/wp-json\/wp\/v2\/comments?post=84"}],"version-history":[{"count":12,"href":"https:\/\/www.bergschaenke.de\/index.php\/wp-json\/wp\/v2\/pages\/84\/revisions"}],"predecessor-version":[{"id":428,"href":"https:\/\/www.bergschaenke.de\/index.php\/wp-json\/wp\/v2\/pages\/84\/revisions\/428"}],"wp:attachment":[{"href":"https:\/\/www.bergschaenke.de\/index.php\/wp-json\/wp\/v2\/media?parent=84"}],"curies":[{"name":"wp","href":"https:\/\/api.w.org\/{rel}","templated":true}]}}