{"id":116,"date":"2015-12-15T19:59:45","date_gmt":"2015-12-15T18:59:45","guid":{"rendered":"http:\/\/www.bergschaenke.de\/?page_id=116"},"modified":"2015-12-16T14:17:00","modified_gmt":"2015-12-16T13:17:00","slug":"umgebung","status":"publish","type":"page","link":"https:\/\/www.bergschaenke.de\/index.php\/umgebung\/","title":{"rendered":"Umgebung"},"content":{"rendered":"<p><img loading=\"lazy\" decoding=\"async\" class=\"alignright size-medium wp-image-118\" src=\"http:\/\/www.bergschaenke.de\/wp-content\/uploads\/2015\/12\/buchenfertig-193x300.jpg\" alt=\"buchenfertig\" width=\"193\" height=\"300\" srcset=\"https:\/\/www.bergschaenke.de\/wp-content\/uploads\/2015\/12\/buchenfertig-193x300.jpg 193w, https:\/\/www.bergschaenke.de\/wp-content\/uploads\/2015\/12\/buchenfertig-97x150.jpg 97w, https:\/\/www.bergschaenke.de\/wp-content\/uploads\/2015\/12\/buchenfertig.jpg 400w\" sizes=\"auto, (max-width: 193px) 100vw, 193px\" \/><br \/>\nDie Bergsch\u00e4nke liegt in der<span class=\"Apple-converted-space\">\u00a0<\/span><a href=\"http:\/\/www.doetlingen.de\/\">Gemeinde D\u00f6tlingen<\/a><span class=\"Apple-converted-space\">\u00a0<\/span>im Landkreis Oldenburg, auf halber Strecke zwischen Oldenburg und Bremen. Das Gebiet geh\u00f6rt zum<span class=\"Apple-converted-space\">\u00a0<\/span><a href=\"http:\/\/www.naturparkwildeshausergeest.de\/\">Naturpark Wildeshauser Geest<\/a>, dem gr\u00f6\u00dften Naturpark Niedersachsens.<\/p>\n<p>Die Gemeinde D\u00f6tlingen mit ihren 21 D\u00f6rfern und Bauernschaften geh\u00f6rt sicherlich zu den reizvollsten im Landkreis Oldenburg. Gro\u00dfe Waldgebiete, sanfte H\u00fcgel und die Hunte, ein Nebenfluss der Weser, mit ihren steilen Uferh\u00e4ngen laden ein zum Wandern und Radfahren.<\/p>\n<p>Attraktive Ausflugsziele in der weiteren Umgebung sind u. a. die Nordseek\u00fcste, das <a href=\"http:\/\/www.museumsdorf.de\/\">Museumsdorf Cloppenburg<\/a><span class=\"Apple-converted-space\">\u00a0<\/span>und die Stadt Bremen.<\/p>\n<p>Der Weg entlang der Hunte nach Ostrittrum ist wegen der alten Buchen (u.a. <a href=\"http:\/\/www.bergschaenke.de\/index.php\/2015\/12\/15\/bilder-buchen-1937\/\">schwarz-wei\u00df Bilder von 1937<\/a>) zu jeder Jahreszeit besonders sch\u00f6n.<\/p>\n","protected":false},"excerpt":{"rendered":"<p>Die Bergsch\u00e4nke liegt in der\u00a0Gemeinde D\u00f6tlingen\u00a0im Landkreis Oldenburg, auf halber Strecke zwischen Oldenburg und Bremen. Das Gebiet geh\u00f6rt zum\u00a0Naturpark Wildeshauser Geest, dem gr\u00f6\u00dften Naturpark Niedersachsens. Die Gemeinde D\u00f6tlingen mit ihren 21 D\u00f6rfern und Bauernschaften geh\u00f6rt sicherlich zu den reizvollsten im Landkreis Oldenburg. Gro\u00dfe Waldgebiete, sanfte H\u00fcgel und die Hunte, ein\u2026<\/p>\n<p> <a class=\"continue-reading-link\" href=\"https:\/\/www.bergschaenke.de\/index.php\/umgebung\/\"><span>weiter<\/span><i class=\"crycon-right-dir\"><\/i><\/a> <\/p>\n","protected":false},"author":1,"featured_media":0,"parent":0,"menu_order":0,"comment_status":"closed","ping_status":"closed","template":"","meta":{"footnotes":""},"class_list":["post-116","page","type-page","status-publish","hentry"],"_links":{"self":[{"href":"https:\/\/www.bergschaenke.de\/index.php\/wp-json\/wp\/v2\/pages\/116","targetHints":{"allow":["GET"]}}],"collection":[{"href":"https:\/\/www.bergschaenke.de\/index.php\/wp-json\/wp\/v2\/pages"}],"about":[{"href":"https:\/\/www.bergschaenke.de\/index.php\/wp-json\/wp\/v2\/types\/page"}],"author":[{"embeddable":true,"href":"https:\/\/www.bergschaenke.de\/index.php\/wp-json\/wp\/v2\/users\/1"}],"replies":[{"embeddable":true,"href":"https:\/\/www.bergschaenke.de\/index.php\/wp-json\/wp\/v2\/comments?post=116"}],"version-history":[{"count":3,"href":"https:\/\/www.bergschaenke.de\/index.php\/wp-json\/wp\/v2\/pages\/116\/revisions"}],"predecessor-version":[{"id":136,"href":"https:\/\/www.bergschaenke.de\/index.php\/wp-json\/wp\/v2\/pages\/116\/revisions\/136"}],"wp:attachment":[{"href":"https:\/\/www.bergschaenke.de\/index.php\/wp-json\/wp\/v2\/media?parent=116"}],"curies":[{"name":"wp","href":"https:\/\/api.w.org\/{rel}","templated":true}]}}